f 11 and y?
11
Let q be 68/(-5)*(-9 - (1 - 5)). Let p(j) = j**3 - j**2 - j + 170. Let s be p(0). What is the highest common divisor of q and s?
34
Let n(b) = 3*b**2 - b - 181. Let i be n(-8). Suppose -2*p + a = 2*a - 76, -3*a + 38 = p. What is the greatest common factor of p and i?
19
Let j = -49 + 47. Let b be (-12 - -10)/(j/8). Suppose -4*n + 0*n = -128. Calculate the highest common divisor of n and b.
8
Let l(b) = -3*b**2 - 25*b - 4. Let x be (140/(-5))/4 + (-2 - -6). Let h be l(x). Calculate the greatest common divisor of h and 4.
4
Suppose -14*m - 4048 = 2490. Let j = 469 + m. Calculate the greatest common factor of j and 25.
1
Suppose 2*h = 2*f, f - 6*h - 18 = -11*h. What is the greatest common factor of 57 and f?
3
Let s(r) = 4*r + 88. Let y be s(-6). Suppose -2*z + 4*l + 296 = 0, z - 83 - y = 3*l. Calculate the greatest common divisor of 12 and z.
6
Let a(w) = -13*w + 10. Let b be a(-7). Let l be (11/(-528)*9*10)/((-2)/16). Suppose 0 = -l*k - b + 401. What is the greatest common divisor of 4 and k?
4
Let x(y) = y**2 - 14*y + 20. Let l be x(13). Let s = -2 + l. Calculate the greatest common divisor of s and 40.
5
Let g(s) = -8*s + 41. Let h be g(5). Let d be (-2 + 5 - h)/(10/160). Let f be -8*-1*(-2)/(-4). Calculate the highest common factor of d and f.
4
Suppose 0 = 3*m + 4*a - 354 - 104, m + a = 152. Calculate the greatest common divisor of m and 465.
15
Suppose -8*q - 398202 + 440706 = 0. Calculate the highest common factor of q and 693.
231
Suppose 39*a + 104234 - 352818 = -154*a. Calculate the highest common factor of 252 and a.
28
Let m = 48 + -45. Suppose 2*w - 4*l = 52, m = l + 2*l. Calculate the highest common divisor of 14 and w.
14
Let b = 121 + -117. Suppose -4*d - 12 = b*c, 0 = -3*d - c - 1 - 0. Calculate the greatest common factor of d and 5.
1
Let j be (-241 - -233)/((-8)/230). Suppose -2*b + 0*n - n = -76, 5*b + 4*n - 184 = 0. Calculate the greatest common divisor of j and b.
10
Suppose 2*v + 5720 = -0*v + 7*v. What is the highest common factor of 715 and v?
143
Suppose -4*b - 9*m = -6*m - 198, 2*b + 2*m - 100 = 0. Suppose 0 = z + 5*z - 36. Calculate the highest common divisor of b and z.
6
Let d(f) = -3*f**2 + 8*f + 2. Let k be d(7). Let s = -45 - k. Suppose -235 - 381 = -14*m. Calculate the highest common factor of s and m.
44
Suppose -2*s + 4*o = -10, 5*s + 2 = 3*o + 55. Suppose 141 + 561 = -s*d. Let w be -2 - 1 - (5 + -5 + d). What is the greatest common divisor of w and 85?
17
Suppose -3*f = -2*f, 2898 = 3*m - f. What is the greatest common divisor of m and 805?
161
Let f(d) = -20*d + 1. Let v be f(-1). Let s = 9897 - 9883. Calculate the greatest common factor of v and s.
7
Suppose -3*u = 37*q - 33*q - 181, -350 = -5*u + 3*q. Suppose 7*p - u = 325. What is the highest common factor of p and 7?
7
Suppose 21899 + 35977 = 8*a + 13*a. Calculate the highest common divisor of 91 and a.
13
Let q be (-2)/7 + (-12)/7. Let t be ((-9)/q)/(-9)*-8. Suppose -t*n + 110 = -66. Calculate the highest common factor of n and 4.
4
Suppose 46*w + 28336 = 4048. Let h = w - -880. Calculate the highest common factor of h and 64.
32
Let d = 18012 + -17916. Calculate the highest common divisor of d and 9824.
32
Suppose 35*k = 37*k - 16. Let s be ((-65)/(-10))/(2/k). Calculate the highest common divisor of 546 and s.
26
Let l be ((-5)/(-1) + 4)/(3*(-1)/(-147)). Suppose -2*m - 4*t + 122 = -0*t, 5*t = -m + 58. Calculate the highest common divisor of m and l.
63
Suppose 27*l + 36 = 31*l. Suppose 0 = -12*h + 101 - 5. Suppose -2 = -h*i + 6. What is the highest common divisor of i and l?
1
Suppose 0 = -9*o + 7*o + 28. Let d(i) = -i**2 + 16*i - 1. Let u be d(o). Suppose -3 = -5*m + u. Calculate the highest common divisor of m and 48.
6
Let r(a) = 113 + 135 - 16*a + 103 + a**2 - 257. Let b be r(14). What is the highest common factor of b and 924?
66
Let a be 5 + -3 - -26*1. Let o(i) = -14*i + 1036. Let p be o(71). What is the highest common divisor of p and a?
14
Let z = 46 - 42. Suppose z*r - 684 = -8*r. Let s = r - 44. What is the greatest common divisor of s and 1?
1
Suppose -5*h - 3*v + 873 = h, 4*v + 276 = 2*h. Calculate the highest common divisor of 612 and h.
36
Let j(q) = -q**2 - 13*q - 4. Let p be j(-9). Suppose 0 = 4*s + s, 3 = -n + 3*s. Let b be n/5 + (-243)/(-5). Calculate the highest common divisor of p and b.
16
Let t be 0 + (-809)/(-3) + (-64)/(-12) + -5. Calculate the greatest common factor of 378 and t.
54
Suppose -21*f + 3734 = -4603. Suppose 22*v = -f + 859. What is the greatest common divisor of 1029 and v?
21
Suppose -616223 - 136377 = -142*a. Calculate the greatest common divisor of 100 and a.
100
Suppose 742*z - 7101 = -47*z. Let f(s) = 15*s - 6. Let d = -2 - -6. Let j be f(d). What is the greatest common divisor of z and j?
9
Suppose -2*t + 17 = -55. Suppose 34*p - 29*p - 405 = -2*z, 4*z + 243 = 3*p. What is the highest common factor of t and p?
9
Suppose -18*j + 9*j - 520 = -49*j. Let t = 39 + -28. Suppose -t = -2*r + j. What is the highest common factor of 120 and r?
12
Let z = -2576 + 2588. Calculate the greatest common factor of z and 21.
3
Let t be (12/4 - 2) + 0 + 2. Suppose -t*o - 19 = -5*f + 4*f, 0 = -2*f - 3*o + 65. What is the highest common factor of f and 532?
28
Let h = -296216 - -296255. Suppose -3*o = -4*y + 2*y + 610, -5*y + 5*o + 1515 = 0. Calculate the greatest common factor of h and y.
13
Suppose -q + 4519 - 11716 = -4*y, -y - 4*q = -1778. What is the highest common divisor of 174 and y?
58
Let g be (1 - 2)*2*-4. Let l = 167 - 64. Suppose l = 13*y - 105. What is the highest common factor of g and y?
8
Let c(d) = 3*d + 40. Let k be c(-12). Let z(f) = 2*f**2 - 13*f + 32. Let r be z(k). Let g = 10 - 7. Calculate the greatest common factor of g and r.
3
Suppose 16*u - 5*p - 459 = 13*u, 2*u - 4*p = 306. Let y be (89*2)/((-9)/(-18)) + 1. What is the greatest common divisor of y and u?
51
Let a be (-18)/((-5)/2 + 1). Let s be (-3689)/9996 + (-2)/(-7) + (-482)/(-24). Calculate the highest common factor of a and s.
4
Let h be (20/(-6))/(6/(-252)). What is the greatest common divisor of h and 2030?
70
Let v = 671 - -2947. Calculate the greatest common divisor of 54 and v.
54
Suppose -28*w + 30*w - 24 = -2*r, -4*r - 16 = 0. Let b = 5 - 3. Suppose 2*j = -b*j + 128. Calculate the greatest common factor of j and w.
16
Let m(w) = -3*w**3 - 67*w**2 - 18*w + 131. Let h be m(-22). What is the greatest common factor of h and 8987?
43
Let k(h) = 80*h**2 - 114*h + 230. Let t be k(2). What is the greatest common factor of t and 460?
46
Suppose 161*p - 99 = 162*p. Let d = p + 101. What is the greatest common divisor of 46 and d?
2
Suppose -2*z + 30 = -34. Suppose 208 = 15*f - z. What is the greatest common divisor of f and 120?
8
Let j(w) = 4*w**2 + 182*w + 42. Let t be j(-47). What is the greatest common divisor of t and 360?
36
Let h = -39 - -49. Suppose -4*o - 4*v = -228, h*o - 11*o = -5*v - 87. What is the greatest common divisor of 465 and o?
31
Let a(k) = -k**3 - 12*k**2 + 3*k + 172. Let u be a(-11). Calculate the highest common factor of u and 5652.
18
Let b = 57 + -55. Let x be ((-2)/1 + 13)*-42 - b. Let m be 5/((-90)/x) - (-20)/90. What is the highest common divisor of m and 65?
13
Let n(c) = c**3 + 4*c**2 + 25*c - 193. Let s be n(18). What is the greatest common factor of 35 and s?
35
Let f be 8061/18 + (-254)/(-1524). What is the greatest common divisor of f and 364?
28
Suppose -8*g + 9*g = n + 10, -5*g + 80 = n. What is the highest common factor of g and 14415?
15
Let y = 123 - 1. Suppose -4*a = a - 430. Let d = y - a. What is the greatest common factor of d and 24?
12
Suppose 3*f - 288 = -2*w, -5*f + 5*w - 58 = -538. What is the greatest common divisor of f and 104?
8
Let l be (53371/53)/(-2 - -3). Suppose -2*w - l = -5*i - 134, -2*i + 346 = -4*w. Calculate the highest common factor of i and 75.
25
Let o = 3956 + -3788. Calculate the highest common divisor of o and 768.
24
Let b(z) = 13*z**2 - 154*z - 28. Let i be b(14). Calculate the highest common factor of i and 56.
28
Let h(s) = s**3 - 29*s**2 + 100*s + 245. Let z be h(25). What is the greatest common divisor of 56 and z?
7
Suppose -66*i = -68*i + 4304. Calculate the highest common factor of 16 and i.
8
Suppose 42 = 22*i - 2. Suppose -i*q - 12*q + 42 = 0. Calc